actor of l and 7.
7
Let s(k) = 4*k**2 - 3*k + 2. Let r be s(4). Calculate the greatest common divisor of 9 and r.
9
Let j(k) be the third derivative of -k**5/60 + 5*k**4/12 - 5*k**3/6 - k**2. Let x be j(9). What is the greatest common divisor of x and 36?
4
Let g(b) = 11*b**2 + 2*b - 1. Let w be g(1). Let q be (21/w)/(1/4). Calculate the greatest common factor of 28 and q.
7
Let g = 8 - -37. Suppose 0 = -5*a + k + 3*k + 446, 2*a = -3*k + 183. Suppose -3*x + a = 2*x. Calculate the highest common factor of g and x.
9
Suppose -5*o = -98 - 277. What is the greatest common factor of o and 15?
15
Let j = 61 - 40. Let g = 36 - j. Let d be (-2 + -43)*(-3 + 2). What is the highest common divisor of d and g?
15
Let i(k) = -k**3 + 4*k**2 - 3*k + 1. Let q be i(3). Suppose 0 = -u + q + 4. Let m be (1/(-2))/(1/(-2)). What is the greatest common factor of m and u?
1
Let k be (18/10 - 2) + (-10650)/(-125). Calculate the greatest common factor of 51 and k.
17
Let q(m) = m**3 - 6*m**2 - 15*m - 3. Let r be q(9). What is the greatest common divisor of r and 30?
15
Suppose 4*x - 3*z = 24, -x + 2*z - 1 = -12. Suppose -5*n + 5*c - 255 = 0, -2*n - 14 = x*c + 63. Let v = n + 70. Calculate the greatest common factor of 6 and v.
6
Let p(y) = -y**3 - 7*y**2 - 4*y - 6. Let v be p(-7). Suppose 5*d - 2*k = 14, -2*d - 3*d - k + 8 = 0. What is the greatest common divisor of d and v?
2
Suppose -3*i - 51 = -6*i. Let n = i - -7. Calculate the highest common factor of n and 8.
8
Let o(h) = h**3 - 2*h**2 + 16. Let a be o(0). Calculate the greatest common divisor of a and 2.
2
Let i = 239 - 118. Let z = 16 + 1. Suppose 3*a + 3 = n + a, -z = -3*n + 4*a. Calculate the highest common divisor of n and i.
11
Let j be 4 + 20/5 + 0. What is the highest common factor of 20 and j?
4
Suppose 4*k = 3*o + 6, -o - 4 = 2*k - 4*k. Calculate the greatest common factor of o and 14.
2
Suppose 23*o - 24*o + 22 = 0. Calculate the highest common divisor of o and 2.
2
Let x(v) = -v**2 + 7*v - 2. Let g be x(5). Calculate the highest common factor of g and 12.
4
Suppose 8 = i + 4*d, 3*d + d = -4*i + 56. Suppose 3*b - 426 = -2*z, 3 = -3*z + 2*z. What is the greatest common divisor of b and i?
16
Let n be (-3)/(-2)*12/6. Suppose 4*r + 4*p - 32 = 0, 2*p + n*p + 48 = 3*r. What is the highest common divisor of r and 1?
1
Let s be ((-1)/(-2))/((-1)/2). Let l = s - -7. What is the highest common factor of 6 and l?
6
Suppose 0 = -5*u - f + 125, 4*u - 67 = u + f. Suppose -26 = -5*d + u. Let c be 138/2 + 2 + -1. What is the highest common divisor of c and d?
10
Let i be 14/6 - (-2)/(-6). Suppose -i*b + 0*b = -22. What is the greatest common factor of b and 55?
11
Let i(l) = 9*l**2 + 2*l - 4. Let u be i(-4). Calculate the greatest common factor of 12 and u.
12
Suppose 0 = 2*k - 4 - 2. Let n(y) = 3*y**2 - 3*y - 2. Let i be n(k). Let l(o) = 6*o + 4. Let h be l(6). What is the highest common divisor of h and i?
8
Let v(h) = h**2 + 11*h - 2. Let x be v(-10). Let n = 7 + -3. Let m be n/x + 37/3. Calculate the greatest common divisor of 18 and m.
6
Suppose -11*c - 28 = -15*c. Calculate the highest common divisor of 175 and c.
7
Let v be -117*2*3/(-6). Calculate the highest common divisor of 13 and v.
13
Suppose 0 = s - 0 - 2. Suppose 4*b = -2*k - 2, -2*b + k + 0 = -1. Suppose g = -2*z + s*g + 20, b = 3*g. Calculate the highest common factor of z and 30.
10
Suppose -2*l = -17 - 3. What is the highest common factor of 10 and l?
10
Let u(f) = f**3 + f**2 - 4*f - 7. Let x be u(4). Suppose 4*d - 37 = h + 36, 0 = -4*d + 4*h + 64. What is the greatest common factor of x and d?
19
Let d(j) = j**3 - 9*j**2 + 2*j + 3. Let w be d(6). Let p = w - -133. Let q be (4/(-1))/(-1) + 1. Calculate the greatest common divisor of p and q.
5
Let i be 1071/7 + (0 - -2). What is the highest common divisor of i and 31?
31
Let h be -8*(-1)/10*5. Suppose -h*k = -g + 4*g - 13, 2*k + g = 7. Suppose k*u + 16 = 6*u. What is the greatest common divisor of u and 64?
8
Let a be ((-3)/(-2))/((-5)/(-80)). Let o be (9*2)/(a/16). Calculate the greatest common factor of o and 3.
3
Let h = -42 + 13. Suppose -r - 4*r + 320 = 0. Let k = r + h. What is the greatest common divisor of 7 and k?
7
Let l(a) = -a**2 + 10*a + 2. Let c be 20/(-8)*(-4)/5. Suppose -c*n + 10 = -10. Let b be l(n). What is the highest common divisor of b and 14?
2
Let q(g) = 50*g - 2. Let t be q(1). Let y(j) = 2*j - 2. Let z be y(7). What is the highest common divisor of z and t?
12
Suppose 4*a + 70 = p - a, 3*p - 2*a = 210. Calculate the highest common factor of p and 28.
14
Let c be 2/1 - (-3 + 0). Suppose 53 = 4*a + 3*r, -46 = -c*a - r + 23. What is the greatest common factor of a and 154?
14
Let k = 2 - -4. What is the highest common factor of 2 and k?
2
Suppose 5*y = 4*n - 87 + 4, 3*y - 8 = -n. Suppose -3*k - q + 5*q + 90 = 0, -k + n = 3*q. Calculate the greatest common factor of k and 234.
26
Suppose -5*m = 5*d - 50, 16 = m - d - 0. Suppose -s = -5, 2*t + 79 = 4*t - 5*s. Calculate the greatest common factor of t and m.
13
Let v(y) = 3*y**2 + y - 1. Let k be v(1). Suppose -5*t = -f - 80, k*t - 3*f - 64 = -t. Let d = 46 - 6. Calculate the greatest common factor of t and d.
8
Let n be (0 - 0) + (0 - -1). Let g(w) = -n + 8 - w + 4. Let p be g(9). What is the highest common divisor of 18 and p?
2
Let f = -128 - -147. Suppose -7*y = -4*y - 285. Calculate the greatest common divisor of f and y.
19
Let l = -78 + 364. Suppose -2*q - 5*k = -160, 5*k = 3*q + k - l. Calculate the greatest common divisor of q and 30.
30
Let o(c) = 2*c**3 - 7*c**2 - 2*c + 5. Let w be o(5). What is the greatest common divisor of 10 and w?
10
Suppose -2*q = q + w - 21, 2*q - 5*w = 14. What is the highest common factor of 21 and q?
7
Let k = -24 + 39. What is the highest common divisor of 165 and k?
15
Suppose 63 + 57 = 10*c. Calculate the greatest common divisor of c and 15.
3
Let a be (-482)/(-8) + (-2)/8. What is the highest common factor of 10 and a?
10
Let d = -36 - -58. Let u(p) = p**3 + 12*p**2 - 14*p - 14. Let g be u(-12). What is the greatest common factor of d and g?
22
Let h(p) = p**2 - 3*p + 13. Let k be h(3). What is the greatest common divisor of k and 52?
13
Let h = 26 - 25. Suppose -h = -s + 4. What is the greatest common divisor of 1 and s?
1
Suppose -3*s + 2*s + 4 = 0. Calculate the highest common divisor of 16 and s.
4
Let q be 48*(-2 - (-33)/12). Suppose 0 = 4*g - q - 24. Suppose -n = -6*n - 5*z + 515, -3*n = -4*z - 323. Calculate the highest common factor of g and n.
15
Let k be (-2)/(-12) - 1079/(-78). Let n be ((-1)/2)/((-1)/k). Calculate the greatest common divisor of n and 21.
7
Let k be -2 + (13/(-4))/(20/(-160)). Suppose -5*z - 7 = t - 28, t - 2*z - 42 = 0. What is the highest common divisor of k and t?
12
Suppose -3*i + 4*d + 21 = -22, 3*i - 5*d - 44 = 0. Suppose -i = -2*p + 11. What is the greatest common factor of 132 and p?
12
Let f be (-16)/6*(-90)/8. Let o(d) = -d - 2. Let w be o(-6). Suppose -t - w*t = -60. Calculate the greatest common divisor of t and f.
6
Let s be (84/7)/(6/16). What is the greatest common divisor of s and 8?
8
Let s(a) = -2*a**3 - 2*a**2 - 2*a - 2. Let r be s(-2). Suppose 4 = 5*c - y - 21, -2*y = -r. Calculate the greatest common divisor of c and 12.
6
Let p(k) = -k**2 - 10*k + 7. Let l be p(-10). Let n = 10 - l. Calculate the highest common divisor of n and 33.
3
Suppose 5*d + w - 350 = 0, 0 = -2*d + 6*w - w + 140. Calculate the highest common factor of d and 21.
7
Suppose 6*a + 4 = 82. What is the greatest common divisor of 65 and a?
13
Let k(o) = o**3 - 3*o + 4. Let a be k(2). Calculate the highest common divisor of 30 and a.
6
Suppose -8*h + 15 = -5*h. Let j = 19 - h. Calculate the greatest common divisor of j and 35.
7
Suppose 2*n - 20 = -2*i, 2*n + 0*n + 5*i - 35 = 0. Let k = 32 - n. Let t = 0 + 3. What is the greatest common factor of k and t?
3
Let h(b) = 20*b**2 - 1. Let s be h(-1). Suppose -2*j - 19 = -171. Calculate the highest common factor of j and s.
19
Let f = 0 - -2. Let i = 4 - 2. Suppose -12 = -3*a + 3*r, f*a + 2*r + i = 18. Calculate the highest common factor of 9 and a.
3
Suppose -i - 6*w = -4*w - 52, 46 = i - w. What is the greatest common divisor of i and 16?
16
Let g(v) = -1 + 2 + 5*v - 3*v**2 - 5*v**3 + 4*v**3 - 2*v**2. Let x be g(-7). Wha